to base 13.
48
-4 (base 13) to base 9
-4
Convert -2 (base 13) to base 8.
-2
1 (base 11) to base 5
1
What is -29 (base 16) in base 7?
-56
-1 (base 12) to base 3
-1
Convert -24 (base 5) to base 14.
-10
What is -10100 (base 2) in base 12?
-18
6 (base 12) to base 3
20
What is 0 (base 5) in base 10?
0
What is -6a (base 16) in base 13?
-82
What is 11 (base 5) in base 8?
6
Convert 1 (base 3) to base 4.
1
Convert -112 (base 3) to base 5.
-24
What is -2 (base 6) in base 11?
-2
Convert 120 (base 5) to base 12.
2b
Convert 46 (base 7) to base 12.
2a
0 (base 15) to base 10
0
Convert -100 (base 2) to base 8.
-4
What is -100001 (base 2) in base 8?
-41
1 (base 11) to base 14
1
What is 32 (base 7) in base 16?
17
5 (base 14) to base 2
101
24 (base 15) to base 13
28
Convert -1 (base 11) to base 16.
-1
Convert 0 (base 12) to base 5.
0
What is 0 (base 4) in base 16?
0
What is 131 (base 4) in base 12?
25
Convert 121 (base 3) to base 10.
16
What is -100100 (base 2) in base 16?
-24
143 (base 7) to base 14
5a
What is 17 (base 9) in base 10?
16
7 (base 14) to base 5
12
What is -1011 (base 2) in base 12?
-b
-b4 (base 16) to base 8
-264
What is 13 (base 6) in base 16?
9
Convert 124 (base 6) to base 5.
202
Convert -70 (base 15) to base 9.
-126
-1 (base 15) to base 9
-1
-49 (base 14) to base 8
-101
57 (base 15) to base 11
75
Convert -25 (base 7) to base 14.
-15
What is 4 (base 13) in base 10?
4
-5 (base 12) to base 9
-5
11 (base 13) to base 9
15
Convert 44 (base 5) to base 10.
24
10 (base 10) to base 11
a
What is 2 (base 16) in base 3?
2
-c (base 14) to base 16
-c
11 (base 14) to base 12
13
Convert -29 (base 10) to base 12.
-25
Convert -12 (base 4) to base 10.
-6
Convert 134 (base 5) to base 16.
2c
Convert -147 (base 8) to base 11.
-94
-10 (base 2) to base 14
-2
Convert -426 (base 7) to base 9.
-260
What is -3 (base 15) in base 6?
-3
What is -21010 (base 3) in base 7?
-363
What is 3 (base 13) in base 9?
3
10 (base 8) to base 15
8
What is 181 (base 12) in base 16?
f1
3 (base 6) to base 5
3
What is -4 (base 10) in base 2?
-100
What is -33 (base 6) in base 13?
-18
What is -10 (base 12) in base 13?
-c
What is -2 (base 13) in base 11?
-2
What is -24 (base 7) in base 11?
-17
Convert 17 (base 14) to base 5.
41
Convert -19 (base 13) to base 11.
-20
Convert 101 (base 4) to base 16.
11
31 (base 9) to base 13
22
10123 (base 4) to base 13
18a
What is 1 (base 6) in base 5?
1
c (base 15) to base 12
10
What is -3 (base 14) in base 4?
-3
-1 (base 4) to base 13
-1
9 (base 14) to base 4
21
11020 (base 4) to base 9
404
What is 140 (base 10) in base 5?
1030
Convert 14 (base 9) to base 13.
10
1 (base 10) to base 5
1
-101001000 (base 2) to base 9
-404
What is 1031 (base 4) in base 8?
115
What is 15 (base 8) in base 12?
11
Convert -11111 (base 2) to base 13.
-25
Convert 1 (base 8) to base 15.
1
What is -8 (base 13) in base 15?
-8
What is -2a (base 14) in base 9?
-42
Convert 22 (base 7) to base 12.
14
What is 14 (base 9) in base 15?
d
What is 2 (base 12) in base 16?
2
What is 1100 (base 2) in base 7?
15
-14e (base 16) to base 4
-11032
-205 (base 9) to base 2
-10100111
Convert 1 (base 4) to base 2.
1
5 (base 16) to base 2
101
3 (base 4) to base 6
3
What is -2 (base 3) in base 11?
-2
What is -300 (base 4) in base 7?
-66
Convert -10101111 (base 2) to base 5.
-1200
a (base 11) to base 10
10
What is -10011 (base 3) in base 14?
-61
5 (base 10) to base 11
5
Convert 2 (base 10) to base 16.
2
Convert 6 (base 12) to base 5.
11
What is -1 (base 2) in base 14?
-1
3 (base 11) to base 12
3
Convert 30 (base 4) to base 7.
15
123 (base 4) to base 5
102
-2230 (base 4) to base 14
-c4
-26 (base 14) to base 8
-42
221 (base 3) to base 15
1a
Convert -162 (base 10) to base 2.
-10100010
-3 (base 8) to base 2
-11
Convert 6 (base 13) to base 14.
6
Convert 1 (base 6) to base 16.
1
1 (base 15) to base 6
1
-110 (base 2) to base 9
-6
-2 (base 10) to base 8
-2
Convert 0 (base 9) to base 13.
0
101010 (base 2) to base 12
36
Convert -17 (base 8) to base 3.
-120
2 (base 6) to base 4
2
Convert -22 (base 10) to base 14.
-18
1 (base 4) to base 16
1
Convert 6 (base 10) to base 8.
6
-4 (base 9) to base 12
-4
What is 17 (base 12) in base 3?
201
What is 37 (base 8) in base 6?
51
1 (base 6) to base 12
1
-15 (base 12) to base 7
-23
What is 3 (base 10) in base 14?
3
What is 106 (base 12) in base 14?
aa
100111 (base 2) to base 8
47
Convert 10 (base 4) to base 3.
11
What is 18 (base 16) in base 7?
33
-20 (base 9) to base 7
-24
Convert 107 (base 9) to base 5.
323
Convert 3 (base 14) to base 7.
3
Convert 1 (base 4) to base 13.
1
What is 10 (base 4) in base 3?
11
Convert -3 (base 8) to base 4.
-3
What is -77 (base 13) in base 8?
-142
Convert -23 (base 7) to base 2.
-10001
What is -134 (base 5) in base 4?
-230
-1 (base 2) to base 11
-1
Convert 16b (base 13) to base 14.
146
1 (base 9) to base 14
1
What is -12 (base 9) in base 6?
-15
What is 104 (base 8) in base 13?
53
Convert 0 (base 5) to base 2.
0
-53 (base 15) to base 14
-58
What is 117 (base 14) in base 12?
161
-20 (base 3) to base 15
-6
What is -82 (base 9) in base 13?
-59
What is -403 (base 5) in base 7?
-205
-3b (base 16) to base 12
-4b
34 (base 15) to base 5
144
What is 10 (base 3) in base 11?
3
What is -3 (base 5) in base 13?
-3
-1 (base 13) to base 5
-1
Convert -111 (base 2) to base 7.
-10
-72 (base 9) to base 12
-55
26 (base 7) to base 9
22
Convert 6 (base 12) to base 16.
6
Convert -27 (base 9) to base 16.
-19
12 (base 3) to base 16
5
Convert -1231 (base 4) to base 3.
-11001
What is -1035 (base 6) in base 8?
-357
Convert -80 (base 12) to base 4.
-1200
-102 (base 12) to base 7
-266
Convert 5 (base 14) to base 12.
5
-130 (base 6) to base 4
-312
8 (base 14) to base 12
8
What is -2b (base 16) in base 6?
-111
What is 0 (base 14) in base 5?
0
Convert 20 (base 3) to base 9.
6
Convert -1 (base 4) to base 5.
-1
210 (base 5) to base 14
3d
6 (base 11) to base 6
10
Convert 102 (base 3) to base 15.
b
2 (base 8) to base 16
2
71 (base 13) to base 4
1130
What is -e0 (base 16) in base 8?
-340
What is 2 (base 14) in base 7?
2
123 (base 14) to base 11
197
Convert 1010110 (base 2) to base 10.
86
What is -225 (base 11) in base 15?
-12e
Convert -33 (base 15) to base 14.
-36
What is -1 (base 10) in base 13?
-1
7 (base 8) to base 4
13
What is 180 (base 11) in base 15?
de
9 (base 15) to base 7
12
-f1 (base 16) to base 9
-287
What is -15 (base 12) in base 3?
-122
Convert -6 (base 10) to base 14.
-6
-100101100 (base 2) to base 13
-1a1
What is -10 (base 3) in base 8?
-3
What is -2 (base 16) in base 6?
-2
-9 (base 12) to base 13
-9
What is 26 (base 9) in base 16?
18
Convert -100 (base 2) to base 14.
-4
Convert -1a (base 12) to base 7.
-31
Convert 4 (base 6) to base 14.
4
Convert 1 (base 16) to base 3.
1
21 (base 4) to base 5
14
What is -8 (base 15) in base 4?
-20
What is -21 (base 8) in base 2?
-10001
What is 23 (base 4) in base 14?
b
Convert -6 (base 15) to base 4.
-12
Convert 6 (base 11) to base 7.
6
What is -8 (base 10) in base 3?
-22
What is 87 (base 13) in base 4?
1233
Convert -110 (base 6) to base 8.
-52
Convert 2 (base 16) to base 6.
2
Convert -12 (base 9) to base 4.
-23
What is -16 (base 15) in base 14?
-17
What is 5 (base 12) in base 6?
5
What is 1001010 (base 2) in base 12?
62
Convert 115 (base 7) to base 12.
51
What is -10 (base 7) in base 9?
-7
What is -9 (base 12) in base 6?
-13
What is 1 (base 15) in base 4?
1
-155 (base 13) to base 8
-357
13 (base 8) to base 7
14
-18 (base 13) to base 4
-111
What is 100 (base 2) in base 9?
4
What is 5 (base 12) in base 14?
5
Convert 20 (base 3) to base 11.
6
Convert 23 (base 16) to base 11.
32
Convert 101102 (base 3) to base 11.
236
-1 (base 3) to base 11
-1
Convert -100 (base 2) to base 8.
-4
What is -12 (base 14) in base 4?
-100
What is 0 (base 11) in base 6?
0
What is 2220 (base 4) in base 3?
20020
7e (base 16) to base 8
176
22 (base 15) to base 9
35
155 (base 6) to base 16
47
Convert -17 (base 16) to base 13.
-1a
Convert -11 (base 2) to base 3.
-10
What is -3 (base 4) in base 5?
-3
Convert 12 (base 3) to base 12.
5
Convert 1 (base 16) to base 3.
1
Convert 51 (base 9) to base 14.
34
What is -1 (base 5) in base 15?
-1
64 (base 15) to base 4
1132
What is -110001101 (base 2) in base 8?
-615
Convert -33 (base 8) to base 3.
-1000
Convert 4 (base 15) to base 3.
11
-